). Suppose d - 9*w = -10*w + 3066, -d + 2*w + 3051 = i. Is d composite?
False
Suppose 4*x = -2*y - 34, -35*y = -30*y + 4*x + 109. Suppose 3*r + 5*h = 1722, -4 - 5 = 3*h. Let d = r + y. Is d prime?
False
Let t = 7761 + -3384. Is t prime?
False
Let f(t) = -70*t - 782. Let v be f(-21). Let h(n) = -297*n**3 - n - 1. Let q be h(-1). Let x = v - q. Is x composite?
True
Let c(y) = -y - 19. Let k be c(-21). Suppose -k*g = -30642 - 1940. Is g composite?
True
Suppose -2032922 + 3869505 + 2389377 = 40*c. Is c composite?
False
Let v = -296742 - -492839. Is v a prime number?
False
Let j = 74 + -65. Suppose j*f = 16*f - 42. Suppose -f*l - 4*c = -5*l - 1989, -c = -4. Is l composite?
False
Let q(u) = 981*u**2 - 435*u + 5643. Is q(13) prime?
False
Let s(o) = -o**3 + 18*o**2 - 35*o + 22. Let d be s(16). Let y(z) = -275*z - 111. Is y(d) composite?
False
Is ((-2 + 13/8)*-8)/(6/254062) a prime number?
True
Suppose 5*z - 5 = 0, -2*d - 4*z = -3*d + 1329. Suppose -4*i = -k + d, -5*i + 6690 = -8*k + 13*k. Is k a prime number?
False
Let t = -2682 - -11525. Suppose 555 + t = 2*u. Is u a composite number?
True
Let c(h) = -16535*h + 873. Is c(-22) prime?
True
Suppose -5*y - 15324 = 5*r + 9556, 3*r = -5*y - 24870. Is (-7)/(21/y) - 0 a composite number?
False
Let t = -4687 - -7020. Let a = t - 1422. Is a composite?
False
Let q(z) = 10*z**3 - 4*z**2 - 4. Let g be q(-5). Let x = 4122 + -2227. Let f = g + x. Is f a prime number?
True
Is (7663230/(-75))/((-4)/10) a prime number?
False
Suppose 2*n - 20212 = 2*v, 4*n - 4*v + 10081 = 5*n. Suppose 2*c + 143 - n = 0. Is c composite?
True
Let t = 40 - 96. Let j = 54 + t. Is (3027 + 5 - -5)/(-1 - j) prime?
True
Let h = -34790 + 14866. Is 6 + 1/((-4)/h) a composite number?
False
Let n(k) = -2*k**3 - 21*k**2 + 19*k - 16. Let y = -264 + 246. Is n(y) a prime number?
False
Let x(c) be the first derivative of -c + 2*c**3 - 1 + 1/2*c**2. Is x(2) a prime number?
False
Suppose -7*d + 3*b = -2*d - 27, 4*b = -5*d - 1. Suppose -2*q - 1 = k - q, -4*k - d*q + 1 = 0. Is k/(-10) - (-8121)/15 a prime number?
True
Suppose 0 = 14*b - 9*b + 5*a - 258810, 3*b - 155293 = 4*a. Is b prime?
False
Let r(n) = 32*n**2 + 69*n + 1108. Is r(-111) a composite number?
False
Let b = 19 + -14. Suppose 3*f + b*d = 12601, -2*f + 7*d = 4*d - 8426. Is f a prime number?
False
Suppose 0 = -t - 4*a - 14871, 2*t + 40493 = 3*a + 10773. Let f = -3305 - t. Is f a prime number?
False
Let g(u) = -2*u + 16. Let w be g(10). Is (-13163)/2*(0/w - 2) composite?
False
Let l be (2 - (2 + 4 + -1))/(-3). Is l - (-4 + -254)*-1*-1 a composite number?
True
Suppose -495742 = -43*o - 70945. Suppose -15*y + 12*y + o = 0. Is y prime?
False
Let g(c) = 3*c**3 + 45*c**2 - 33*c - 74. Let i(f) = f**3 + 22*f**2 - 16*f - 37. Let p(b) = 2*g(b) - 5*i(b). Is p(20) a composite number?
False
Suppose x + 2*x = 17178. Suppose 4*u + 11158 = 3*i + 2575, -4*u = -2*i + x. Is i prime?
True
Let k(z) = -z**3 + 7*z**2 + 15*z - 123. Let j be k(6). Suppose -20*o + j*o + 287453 = 0. Is o a prime number?
False
Let d be ((-429)/12)/(8/(-1024)). Let b = d - 1697. Is b composite?
False
Is -2 + 2/2 - 304318*-2 composite?
True
Let s(l) = 325*l**2 - 2*l - 66. Let c be s(6). Suppose 3998 = 4*h + 4*u - c, 0 = -5*h + 4*u + 19543. Is h composite?
False
Let g(x) = -787*x - 17. Let a be g(-2). Let j = -2279 + a. Let i = j + 2625. Is i prime?
False
Let x(n) = -2*n**2 - n - 5. Let v be x(-4). Is (-14597)/v + ((-6)/(-9))/1 a composite number?
False
Let h(p) = -p**2 - 7*p - 8. Let g be h(-5). Suppose -437 = 5*v + 2*z, 2*v + 190 = g*z + z. Is v*(-3 + -6*(-1)/3) a composite number?
False
Let m(v) = 3*v**2 + 35*v + 7. Let o be m(9). Let r = 1086 - o. Is r composite?
False
Suppose -20 = -4*y - 4*l, -5*l = -2*y + 3*y - 5. Suppose 0*h + y*h - 4*h = 0. Is -2 + 332 + (h + 1)/1 composite?
False
Let o = 335 + -333. Is 905 + (o - 6/1) composite?
True
Let a be (-4)/(-7)*(-91)/26 + 903. Suppose -2*n = 2*h + 346 - 1194, -3*n + 3*h = -1260. Let d = a - n. Is d a prime number?
True
Let x be (12 - 735/60) + (-107114)/(-8). Let o = x + 2774. Is o prime?
False
Suppose -36*w - 29366211 = -189*w + 12*w. Is w prime?
False
Let s(t) = 2 + 2*t**3 - 3*t**3 + 0 + t**2. Let q be s(2). Is (12 - 26)*11/q prime?
False
Is (2 + -4 - 0)/(3053148/(-610628) + 5) a prime number?
True
Let c be ((-10)/4)/((-40)/6304). Suppose -3*g + 7 + 5 = 2*l, -3*g + 3*l + 12 = 0. Suppose 2*j + g*y - c = 0, -11 = -3*y - 2. Is j composite?
False
Suppose 2897 = -5*r - 5358. Suppose p + 8*p - 46260 = 0. Let g = r + p. Is g prime?
False
Suppose -26*r + 27*r - 67860 = -3*c, 5*r - 4*c = 339167. Is r a composite number?
True
Suppose -72*n - 10 = -77*n. Suppose -22*c + 20*c + 52710 = -n*v, v = -c + 26359. Is c composite?
False
Suppose -3 = 1073*m - 1076*m. Let t = 0 - -2. Is t + 2432/m - 5 a prime number?
False
Let x = 36720 - 19631. Is x a prime number?
False
Suppose 1149 = 6*m - 3*m + 2*u, 0 = -5*m + 4*u + 1893. Let i = m + -254. Is i a composite number?
False
Is (-38501 - 0)/((78/2145)/((-6)/15)) composite?
True
Let m(c) = 579*c**3 - 12*c**2 - 16*c - 42 - 578*c**3 - 5*c**2. Let z be m(18). Is 87*(-4)/z - (-7)/7 a composite number?
False
Let l(g) = -1937*g - 158. Let z be (40/12)/(0 - 2/3). Is l(z) composite?
True
Suppose l - 593307 = -0*f - 5*f, 5*l + 118651 = f. Is f a composite number?
False
Suppose 4*l - 154138 = -4*w + 207574, -w + 5 = 0. Suppose -l = -5*b - 4*t, 4*b + t = -0*t + 72345. Is b prime?
False
Suppose 3*z + 4*u - 2*u - 7 = 0, -5 = -z + 2*u. Suppose 5*o + 34 = -3*t, -4*o - z*t - 10 = 19. Is ((-82)/5 + 3)*o prime?
True
Let s(b) = -135987*b + 1864. Is s(-7) a composite number?
False
Suppose 1671*s - 47969140 = 1483*s. Is s composite?
True
Suppose -v + 2*p + 9 = 1, 4*p = -4*v - 16. Suppose 5*s - 9*s - 236 = v. Let x = s + 124. Is x prime?
False
Let q(l) = -2*l**2 + 3*l + 4. Let h be q(5). Let k = h - -35. Suppose j + k*g - 5315 = -4*j, -5*j + 5325 = 2*g. Is j prime?
False
Let h = 12 + -7. Suppose p = -4*p - 5, h*g - 51 = p. Suppose 30173 = 3*i + g*i. Is i prime?
False
Suppose k + 1 = -4*d, -2*k = -d - 0*k + 2. Let u(f) be the second derivative of f**5/10 + f**4/12 + f**3/6 + 263*f**2/2 + 52*f. Is u(d) composite?
False
Suppose -60*u + 677465 = -3257902 - 3184773. Is u prime?
True
Let v(l) = 3*l**3 + 42*l**2 + l - 57. Let w(k) = 2*k**3 + 21*k**2 - 28. Let d(n) = -3*v(n) + 5*w(n). Is d(22) prime?
True
Suppose 5*u + 2*z = 29871, -8 = 5*z + 2. Let x = u - 2518. Is x a prime number?
True
Suppose -2479*a + 2469*a = -175990. Is a composite?
False
Let q = 174 - 130. Is (1329/(-12))/(175/q + -4) prime?
False
Suppose 7*k - 2069570 = 182477. Is k a prime number?
True
Let x be 24/(-10) + 2 + 28/20. Suppose x = s, 0*y - 2*s = 2*y. Let w = y - -20. Is w composite?
False
Let m be 2/(((-140)/(-9765))/((-2)/3)). Is (m/2)/(99/(-2442)) a prime number?
False
Let c(o) = -2*o**2 + 14*o + 5. Let g be c(7). Suppose g*w + 4*r - 1908 = r, 0 = -r + 1. Is w a prime number?
False
Suppose 0*l + 5*l - 18395 = 0. Suppose 17*k - l = 23912. Is k prime?
False
Suppose -o = -5*p - 72628, 3*o - 217830 = 2*p - 5*p. Is o prime?
True
Suppose -10*c - x = -7*c - 59, 0 = -2*c - 3*x + 51. Is c/12*(-87700)/(-30) a composite number?
True
Suppose -5*r + 23 + 47 = m, -r + 35 = -4*m. Is 2 + (-7)/3 + 3050/r prime?
False
Let v = 16 - -3. Let y = 20 - v. Let b(m) = 711*m**2 - 4*m + 2. Is b(y) a composite number?
False
Is (3/(-6)*-1063)/(1/((-558)/(-9))) a prime number?
False
Suppose -2*y - 4 + 41 = -3*n, 3*y - 2*n - 68 = 0. Suppose 3*b + 12 = 3*s, -4*b + 4 = -5*s + y. Let j(k) = 49*k - 37. Is j(s) composite?
False
Let i = -793 + 183112. Is i composite?
True
Suppose 0*d + 2*q = 2*d - 1564, -3128 = -4*d + 5*q. Suppose 4*y = -2*n + 1776, -n - 102 = -2*y + d. Is y prime?
True
Suppose 3*s = 2*n + 1145017, 2*s + 2*s - 7*n - 1526685 = 0. Is s prime?
True
Let l(d) = d**3 - 9*d**2 - 15*d - 5. Let f be l(9). Let h = f + 793. Is h prime?
True
Let c = 34 - 34. Suppose c = -3*i - v + 1984, -15*v - 2 = -14*v. Is i a prime number?
False
Is 1 + 164/52 + -3 + 4605738/39 a prime number?
False
Suppose 4*h = x + x + 16714, -3*x = -3*h + 25071. Let g = -5456 - x. Is g prime?
False
Let q be (4/3)/((-2)/(-6)). Let i be (2 + 12/(-4))/(8/(-1544)). Suppose 4*w - i = -5*x, -q*w + 1 = -7. Is x composite?
False
Suppose -3*r = 3*f - 4332 - 2250, f = -5*r + 10978.